{"id":478,"date":"2024-01-22T08:07:25","date_gmt":"2024-01-22T11:07:25","guid":{"rendered":"https:\/\/novosite.futurepropaganda.com.br\/?page_id=478"},"modified":"2024-01-22T15:02:31","modified_gmt":"2024-01-22T18:02:31","slug":"em-construcao","status":"publish","type":"page","link":"https:\/\/novosite.futurepropaganda.com.br\/index.php\/em-construcao\/","title":{"rendered":"Em constru\u00e7\u00e3o"},"content":{"rendered":"\t\t<div data-elementor-type=\"wp-page\" data-elementor-id=\"478\" class=\"elementor elementor-478\">\n\t\t\t\t\t\t\t<div class=\"elementor-element elementor-element-5224f67 e-flex e-con-boxed e-con e-parent\" data-id=\"5224f67\" data-element_type=\"container\" data-settings=\"{&quot;background_background&quot;:&quot;video&quot;,&quot;background_video_link&quot;:&quot;https:\\\/\\\/www.youtube.com\\\/watch?v=-J1GRXde3Bk&amp;t=10s&quot;,&quot;container_type&quot;:&quot;flex&quot;,&quot;content_width&quot;:&quot;boxed&quot;}\" data-core-v316-plus=\"true\">\n\t\t\t\t\t<div class=\"e-con-inner\">\n\t\t<div class=\"elementor-background-video-container elementor-hidden-phone\">\n\t\t\t\t\t\t\t<div class=\"elementor-background-video-embed\"><\/div>\n\t\t\t\t\t\t<\/div><div class=\"elementor-element elementor-element-45ff3dc e-con-full e-flex e-con e-child\" data-id=\"45ff3dc\" data-element_type=\"container\" data-settings=\"{&quot;content_width&quot;:&quot;full&quot;,&quot;container_type&quot;:&quot;flex&quot;}\">\n\t\t<div class=\"elementor-element elementor-element-aefc2b7 e-flex e-con-boxed e-con e-child\" data-id=\"aefc2b7\" data-element_type=\"container\" data-settings=\"{&quot;container_type&quot;:&quot;flex&quot;,&quot;content_width&quot;:&quot;boxed&quot;}\">\n\t\t\t\t\t<div class=\"e-con-inner\">\n\t\t<div class=\"elementor-element elementor-element-4112b75 e-con-full e-flex e-con e-child\" data-id=\"4112b75\" data-element_type=\"container\" data-settings=\"{&quot;background_background&quot;:&quot;classic&quot;,&quot;content_width&quot;:&quot;full&quot;,&quot;container_type&quot;:&quot;flex&quot;}\">\n\t\t\t\t<div class=\"elementor-element elementor-element-fba6cd4 elementor-widget__width-initial elementor-widget elementor-widget-image\" data-id=\"fba6cd4\" data-element_type=\"widget\" data-widget_type=\"image.default\">\n\t\t\t\t<div class=\"elementor-widget-container\">\n\t\t\t<style>\/*! elementor - v3.18.0 - 20-12-2023 *\/\n.elementor-widget-image{text-align:center}.elementor-widget-image a{display:inline-block}.elementor-widget-image a img[src$=\".svg\"]{width:48px}.elementor-widget-image img{vertical-align:middle;display:inline-block}<\/style>\t\t\t\t\t\t\t\t\t\t\t\t<img fetchpriority=\"high\" decoding=\"async\" width=\"800\" height=\"321\" src=\"https:\/\/novosite.futurepropaganda.com.br\/wp-content\/uploads\/2024\/01\/cropped-LOGOMARCA-EM-ALTA-branco-1024x411.png\" class=\"attachment-large size-large wp-image-63\" alt=\"\" srcset=\"https:\/\/novosite.futurepropaganda.com.br\/wp-content\/uploads\/2024\/01\/cropped-LOGOMARCA-EM-ALTA-branco-1024x411.png 1024w, https:\/\/novosite.futurepropaganda.com.br\/wp-content\/uploads\/2024\/01\/cropped-LOGOMARCA-EM-ALTA-branco-300x120.png 300w, https:\/\/novosite.futurepropaganda.com.br\/wp-content\/uploads\/2024\/01\/cropped-LOGOMARCA-EM-ALTA-branco-768x308.png 768w, https:\/\/novosite.futurepropaganda.com.br\/wp-content\/uploads\/2024\/01\/cropped-LOGOMARCA-EM-ALTA-branco.png 1080w\" sizes=\"(max-width: 800px) 100vw, 800px\" \/>\t\t\t\t\t\t\t\t\t\t\t\t\t\t\t<\/div>\n\t\t\t\t<\/div>\n\t\t\t\t<div class=\"elementor-element elementor-element-ee38720 elementor-invisible elementor-widget elementor-widget-heading\" data-id=\"ee38720\" data-element_type=\"widget\" data-settings=\"{&quot;_animation&quot;:&quot;fadeInUp&quot;}\" data-widget_type=\"heading.default\">\n\t\t\t\t<div class=\"elementor-widget-container\">\n\t\t\t<style>\/*! elementor - v3.18.0 - 20-12-2023 *\/\n.elementor-heading-title{padding:0;margin:0;line-height:1}.elementor-widget-heading .elementor-heading-title[class*=elementor-size-]>a{color:inherit;font-size:inherit;line-height:inherit}.elementor-widget-heading .elementor-heading-title.elementor-size-small{font-size:15px}.elementor-widget-heading .elementor-heading-title.elementor-size-medium{font-size:19px}.elementor-widget-heading .elementor-heading-title.elementor-size-large{font-size:29px}.elementor-widget-heading .elementor-heading-title.elementor-size-xl{font-size:39px}.elementor-widget-heading .elementor-heading-title.elementor-size-xxl{font-size:59px}<\/style><h1 class=\"elementor-heading-title elementor-size-default\">Em Constru\u00e7\u00e3o<\/h1>\t\t<\/div>\n\t\t\t\t<\/div>\n\t\t\t\t<div class=\"elementor-element elementor-element-1bd9ef6 elementor-invisible elementor-widget elementor-widget-heading\" data-id=\"1bd9ef6\" data-element_type=\"widget\" data-settings=\"{&quot;_animation&quot;:&quot;fadeInUp&quot;,&quot;_animation_delay&quot;:200}\" data-widget_type=\"heading.default\">\n\t\t\t\t<div class=\"elementor-widget-container\">\n\t\t\t<h3 class=\"elementor-heading-title elementor-size-default\">P\u00e1gina em constru\u00e7\u00e3o<\/h3>\t\t<\/div>\n\t\t\t\t<\/div>\n\t\t\t\t<div class=\"elementor-element elementor-element-6db8993 elementor-invisible elementor-widget elementor-widget-heading\" data-id=\"6db8993\" data-element_type=\"widget\" data-settings=\"{&quot;_animation&quot;:&quot;fadeInUp&quot;,&quot;_animation_delay&quot;:300}\" data-widget_type=\"heading.default\">\n\t\t\t\t<div class=\"elementor-widget-container\">\n\t\t\t<div class=\"elementor-heading-title elementor-size-default\">Estamos trabalhando intensamente para criar algo incr\u00edvel. Em breve, revelaremos uma experi\u00eancia \u00fanica e envolvente. Fique ligado para atualiza\u00e7\u00f5es emocionantes!<\/div>\t\t<\/div>\n\t\t\t\t<\/div>\n\t\t\t\t<div class=\"elementor-element elementor-element-919ec1c elementor-align-center elementor-invisible elementor-widget elementor-widget-button\" data-id=\"919ec1c\" data-element_type=\"widget\" data-settings=\"{&quot;_animation&quot;:&quot;fadeInUp&quot;,&quot;_animation_delay&quot;:350}\" data-widget_type=\"button.default\">\n\t\t\t\t<div class=\"elementor-widget-container\">\n\t\t\t\t\t<div class=\"elementor-button-wrapper\">\n\t\t\t<a class=\"elementor-button elementor-button-link elementor-size-sm\" href=\"https:\/\/novosite.futurepropaganda.com.br\">\n\t\t\t\t\t\t<span class=\"elementor-button-content-wrapper\">\n\t\t\t\t\t\t<span class=\"elementor-button-text\">Home<\/span>\n\t\t<\/span>\n\t\t\t\t\t<\/a>\n\t\t<\/div>\n\t\t\t\t<\/div>\n\t\t\t\t<\/div>\n\t\t\t\t<\/div>\n\t\t\t\t\t<\/div>\n\t\t\t\t<\/div>\n\t\t\t\t<\/div>\n\t\t\t\t\t<\/div>\n\t\t\t\t<\/div>\n\t\t\t\t\t\t\t<\/div>\n\t\t","protected":false},"excerpt":{"rendered":"<p>Em Constru\u00e7\u00e3o P\u00e1gina em constru\u00e7\u00e3o Estamos trabalhando intensamente para criar algo incr\u00edvel. Em breve, revelaremos uma experi\u00eancia \u00fanica e envolvente. Fique ligado para atualiza\u00e7\u00f5es emocionantes! Home<\/p>\n","protected":false},"author":1,"featured_media":0,"parent":0,"menu_order":0,"comment_status":"closed","ping_status":"closed","template":"elementor_canvas","meta":{"footnotes":""},"_links":{"self":[{"href":"https:\/\/novosite.futurepropaganda.com.br\/index.php\/wp-json\/wp\/v2\/pages\/478"}],"collection":[{"href":"https:\/\/novosite.futurepropaganda.com.br\/index.php\/wp-json\/wp\/v2\/pages"}],"about":[{"href":"https:\/\/novosite.futurepropaganda.com.br\/index.php\/wp-json\/wp\/v2\/types\/page"}],"author":[{"embeddable":true,"href":"https:\/\/novosite.futurepropaganda.com.br\/index.php\/wp-json\/wp\/v2\/users\/1"}],"replies":[{"embeddable":true,"href":"https:\/\/novosite.futurepropaganda.com.br\/index.php\/wp-json\/wp\/v2\/comments?post=478"}],"version-history":[{"count":13,"href":"https:\/\/novosite.futurepropaganda.com.br\/index.php\/wp-json\/wp\/v2\/pages\/478\/revisions"}],"predecessor-version":[{"id":570,"href":"https:\/\/novosite.futurepropaganda.com.br\/index.php\/wp-json\/wp\/v2\/pages\/478\/revisions\/570"}],"wp:attachment":[{"href":"https:\/\/novosite.futurepropaganda.com.br\/index.php\/wp-json\/wp\/v2\/media?parent=478"}],"curies":[{"name":"wp","href":"https:\/\/api.w.org\/{rel}","templated":true}]}}